{"id":975,"date":"2018-04-13T15:42:35","date_gmt":"2018-04-13T15:42:35","guid":{"rendered":"https:\/\/www.tumomo.com\/servicios\/?page_id=975"},"modified":"2023-08-24T17:59:50","modified_gmt":"2023-08-24T17:59:50","slug":"anuncios","status":"publish","type":"page","link":"https:\/\/www.tumomo.com\/servicios\/anuncios\/","title":{"rendered":"Anuncios"},"content":{"rendered":"<section class=\"wpb-content-wrapper\"><p>[vc_row full_width=\u00bbstretch_row\u00bb css=\u00bb.vc_custom_1533325602412{background-image: url(https:\/\/www.tumomo.com\/servicios\/wp-content\/uploads\/2018\/04\/bnn.jpg?id=1038) !important;background-position: center !important;background-repeat: no-repeat !important;background-size: cover !important;}\u00bb][vc_column css=\u00bb.vc_custom_1524234628849{margin-top: 30px !important;background-position: center !important;background-repeat: no-repeat !important;background-size: cover !important;}\u00bb][vc_row_inner][vc_column_inner][vc_custom_heading text=\u00bbCREAR ANUNCIOS EN TUMOMO<br \/>\nES M\u00c1S SIMPLE DE LO QUE PIENSAS\u00bb font_container=\u00bbtag:h2|font_size:42|text_align:center|color:%23ffffff|line_height:1&#8243; google_fonts=\u00bbfont_family:Arimo%3Aregular%2Citalic%2C700%2C700italic|font_style:700%20bold%20regular%3A700%3Anormal\u00bb][vc_btn title=\u00bbPublicar\u00bb color=\u00bbgreen\u00bb size=\u00bblg\u00bb align=\u00bbcenter\u00bb css=\u00bb.vc_custom_1524234244795{margin-top: 170px !important;margin-bottom: 150px !important;}\u00bb link=\u00bburl:https%3A%2F%2Fwww.tumomo.com%2F%3Fpage%3Dlogin%26ref_url%3D%252F%253Fpage%253Dad%2526action%253Dform_ad|||\u00bb][\/vc_column_inner][\/vc_row_inner][\/vc_column][\/vc_row][vc_row][vc_column][vc_custom_heading text=\u00bb\u00a1Queremos que vendas mucho m\u00e1s!\u00bb font_container=\u00bbtag:h2|text_align:center\u00bb google_fonts=\u00bbfont_family:Arimo%3Aregular%2Citalic%2C700%2C700italic|font_style:700%20bold%20regular%3A700%3Anormal\u00bb][\/vc_column][\/vc_row][vc_row][vc_column][vc_column_text]\u00bfEres vendedor eventual? \u00bfEst\u00e1s comenzando tu empresa? \u00bfTienes un peque\u00f1o negocio?<\/p>\n<p>Entonces est\u00e1s en el sitio correcto. En Tumomo.com queremos ayudarte a que hagas realidad tus sue\u00f1os y que puedas vender m\u00e1s gracias al poder de Internet.<\/p>\n<p>Descubre con nosotros c\u00f3mo vender las 24 horas del d\u00eda los 7 d\u00edas de la semana en toda Bolivia y m\u00e1s all\u00e1\u2026[\/vc_column_text][\/vc_column][\/vc_row][vc_row][vc_column width=\u00bb1\/3&#8243;][vc_single_image image=\u00bb986&#8243; alignment=\u00bbcenter\u00bb css_animation=\u00bbslideInDown\u00bb][vc_custom_heading text=\u00bbM\u00c1S R\u00c1PIDO\u00bb font_container=\u00bbtag:h4|text_align:center\u00bb google_fonts=\u00bbfont_family:Arimo%3Aregular%2Citalic%2C700%2C700italic|font_style:400%20regular%3A400%3Anormal\u00bb css_animation=\u00bbslideInDown\u00bb][\/vc_column][vc_column width=\u00bb1\/3&#8243;][vc_single_image image=\u00bb984&#8243; alignment=\u00bbcenter\u00bb css_animation=\u00bbslideInDown\u00bb][vc_custom_heading text=\u00bbSENCILLO\u00bb font_container=\u00bbtag:h4|text_align:center\u00bb google_fonts=\u00bbfont_family:Arimo%3Aregular%2Citalic%2C700%2C700italic|font_style:400%20regular%3A400%3Anormal\u00bb css_animation=\u00bbslideInDown\u00bb][\/vc_column][vc_column width=\u00bb1\/3&#8243;][vc_single_image image=\u00bb985&#8243; alignment=\u00bbcenter\u00bb css_animation=\u00bbslideInDown\u00bb][vc_custom_heading text=\u00bbC\u00d3MODO\u00bb font_container=\u00bbtag:h4|text_align:center\u00bb google_fonts=\u00bbfont_family:Arimo%3Aregular%2Citalic%2C700%2C700italic|font_style:400%20regular%3A400%3Anormal\u00bb css_animation=\u00bbslideInDown\u00bb][\/vc_column][\/vc_row][vc_row][vc_column][vc_empty_space][\/vc_column][\/vc_row][vc_row][vc_column][vc_text_separator title=\u00bbBeneficios de ser un Tumomo\u00bb][\/vc_column][\/vc_row][vc_row][vc_column width=\u00bb1\/4&#8243;][vc_single_image image=\u00bb991&#8243; alignment=\u00bbcenter\u00bb][\/vc_column][vc_column width=\u00bb3\/4&#8243;][vc_custom_heading text=\u00bbGENERA VENTAS LAS 24\/HORAS\u00bb google_fonts=\u00bbfont_family:Arimo%3Aregular%2Citalic%2C700%2C700italic|font_style:700%20bold%20regular%3A700%3Anormal\u00bb][vc_column_text]Con Tumomo.com vende sin parar las 24 horas al d\u00eda, los 7 d\u00edas de la semana todo el a\u00f1o.[\/vc_column_text][\/vc_column][\/vc_row][vc_row][vc_column width=\u00bb1\/4&#8243;][vc_single_image image=\u00bb990&#8243; alignment=\u00bbcenter\u00bb][\/vc_column][vc_column width=\u00bb3\/4&#8243;][vc_custom_heading text=\u00bbALCANCE A NIVEL NACIONAL\u00bb google_fonts=\u00bbfont_family:Arimo%3Aregular%2Citalic%2C700%2C700italic|font_style:700%20bold%20regular%3A700%3Anormal\u00bb][vc_column_text]Con Tumomo tu publicidad llega a cualquier rinc\u00f3n del pa\u00eds y generar\u00e1s negocios en toda Bolivia.[\/vc_column_text][\/vc_column][\/vc_row][vc_row][vc_column width=\u00bb1\/4&#8243;][vc_single_image image=\u00bb989&#8243; alignment=\u00bbcenter\u00bb][\/vc_column][vc_column width=\u00bb3\/4&#8243;][vc_custom_heading text=\u00bbAHORRA DINERO Y TIEMPO\u00bb google_fonts=\u00bbfont_family:Arimo%3Aregular%2Citalic%2C700%2C700italic|font_style:700%20bold%20regular%3A700%3Anormal\u00bb][vc_column_text]Si eres vendedor eventual, tu anuncio se publicar\u00e1 durante 2 meses.<\/p>\n<p>Si eres vendedor habitual, puedes renovar tus anuncios cada 2 meses.[\/vc_column_text][\/vc_column][\/vc_row][vc_row][vc_column][vc_custom_heading text=\u00bb\u00bfYa tienes una cuenta en Tumomo?\u00bb font_container=\u00bbtag:h2|text_align:center\u00bb google_fonts=\u00bbfont_family:Arimo%3Aregular%2Citalic%2C700%2C700italic|font_style:700%20bold%20regular%3A700%3Anormal\u00bb][\/vc_column][\/vc_row][vc_row full_width=\u00bbstretch_row\u00bb css=\u00bb.vc_custom_1524174215649{background-color: #f2f2f2 !important;}\u00bb][vc_column][vc_column_text]<\/p>\n<p style=\"text-align: center;\">\u00a1Felicidades!! Eres un parte del portal de clasificados online m\u00e1s grande de Bolivia.<\/p>\n<p>[\/vc_column_text][vc_btn title=\u00bbREGISTRATE\u00bb color=\u00bbsuccess\u00bb align=\u00bbcenter\u00bb css_animation=\u00bbappear\u00bb link=\u00bburl:https%3A%2F%2Fwww.tumomo.com%2F%3Fpage%3Dreg%26hw_pay_plan%3DSUB_STAND%26SELLER%3D1|||\u00bb][\/vc_column][\/vc_row][vc_row][vc_column][vc_custom_heading text=\u00bb\u00bfCuanto cuesta un anuncio en Tumomo?\u00bb font_container=\u00bbtag:h2|text_align:center\u00bb google_fonts=\u00bbfont_family:Arimo%3Aregular%2Citalic%2C700%2C700italic|font_style:700%20bold%20regular%3A700%3Anormal\u00bb][vc_column_text]<\/p>\n<p style=\"text-align: center;\">En Tumomo puedes publicar en cualquier Categor\u00eda<br \/>\n<span style=\"color: #ff0000;\"><em><strong>Totalmente GRATIS<\/strong><\/em>\u00a0 <\/span>el periodo publicado del anuncios es de 60 d\u00edas para cualquier categor\u00eda.<\/p>\n<p>[\/vc_column_text][\/vc_column][\/vc_row][vc_row][vc_column][vc_text_separator title=\u00bbCATEGORIAS DE TUMOMO\u00bb color=\u00bbpink\u00bb][\/vc_column][\/vc_row][vc_row][vc_column width=\u00bb1\/2&#8243;][vc_column_text]<\/p>\n<p style=\"text-align: right;\">Autos y Veh\u00edculos<br \/>\nInmuebles<br \/>\nElectr\u00f3nicos<br \/>\nElectrodom\u00e9sticos<br \/>\nHogar<br \/>\nAgropecuaria y Campo<br \/>\nAeron\u00e1utica<br \/>\nDeporte y Fitness<br \/>\nNi\u00f1os y bebes<br \/>\nEquipamiento Industrial<br \/>\nAlimentos y Bebidas<br \/>\nAnimales y Mascotas<br \/>\nArte y Antig\u00fcedades<br \/>\nEntretenimiento y Ocio<\/p>\n<p>[\/vc_column_text][\/vc_column][vc_column width=\u00bb1\/2&#8243;][vc_column_text]Instrumentos Musicales<br \/>\nInversiones y Negocios<br \/>\nJoyas y Relojes<br \/>\nMateriales de construcci\u00f3n<br \/>\nM\u00fasica y videos<br \/>\nN\u00e1utica y Pesca<br \/>\nOtras cosas<br \/>\nPanader\u00edas y confiter\u00edas<br \/>\nRestaurantes y locales<br \/>\nSalud y belleza<br \/>\nVestimenta y moda<br \/>\nViajes y turismo<br \/>\nServicios[\/vc_column_text][\/vc_column][\/vc_row][vc_row][vc_column][vc_btn title=\u00bbCOLOCAR MI ANUNCIO\u00bb style=\u00bbcustom\u00bb custom_background=\u00bb#ed0404&#8243; custom_text=\u00bb#ffffff\u00bb align=\u00bbcenter\u00bb i_icon_fontawesome=\u00bbfa fa-bullhorn\u00bb add_icon=\u00bbtrue\u00bb link=\u00bburl:https%3A%2F%2Fwww.tumomo.com%2F%3Fpage%3Dlogin%26ref_url%3D%252F%253Fpage%253Dad%2526action%253Dform_ad|||\u00bb][\/vc_column][\/vc_row][vc_row][vc_column][vc_empty_space][\/vc_column][\/vc_row][vc_row][vc_column][vc_text_separator title=\u00bb\u00bfPublicar\u00e1s un anuncio?\u00bb border_width=\u00bb2&#8243;][vc_column_text]<\/p>\n<p style=\"text-align: center;\">Ya tienes tu cuenta y eres un Tumomo, ahora solo debes:<\/p>\n<p>[\/vc_column_text][\/vc_column][\/vc_row][vc_row][vc_column][\/vc_column][\/vc_row][vc_row][vc_column width=\u00bb1\/2&#8243;][vc_custom_heading text=\u00bbDescribe el producto\u00bb google_fonts=\u00bbfont_family:Arimo%3Aregular%2Citalic%2C700%2C700italic|font_style:700%20bold%20regular%3A700%3Anormal\u00bb][vc_column_text]<\/p>\n<ul>\n<li>Hacer clic sobre el bot\u00f3n \u201cPublicar\u201d ubicado en la parte superior derecha de tu pantalla.<\/li>\n<li>Describe el producto.<\/li>\n<li>Selecciona la ciudad y provincia.<\/li>\n<li>Selecciona la categor\u00eda del producto que ofreces.<\/li>\n<li>Llena los campos requeridos con los datos del producto que pondr\u00e1s a la venta.<\/li>\n<\/ul>\n<p><span style=\"color: #ff0000;\">IMPORTANTE: <\/span>Los compradores leen la informaci\u00f3n del producto ofertado; es importante que lo detalles muy bien.[\/vc_column_text][\/vc_column][vc_column width=\u00bb1\/2&#8243;][vc_single_image image=\u00bb1003&#8243; img_size=\u00bb500&#215;500&#8243; alignment=\u00bbcenter\u00bb][\/vc_column][\/vc_row][vc_row][vc_column width=\u00bb1\/2&#8243;][vc_single_image image=\u00bb1005&#8243; img_size=\u00bb500&#215;500&#8243; alignment=\u00bbcenter\u00bb][\/vc_column][vc_column width=\u00bb1\/2&#8243;][vc_custom_heading text=\u00bbSube tus fotograf\u00edas\u00bb google_fonts=\u00bbfont_family:Arimo%3Aregular%2Citalic%2C700%2C700italic|font_style:700%20bold%20regular%3A700%3Anormal\u00bb][vc_column_text]Dedica tiempo para sacar buenas fotos al producto y publica las mejores 15, te recomendamos subir las fotos una por una.<\/p>\n<p>Cuando subas todas tus fotos (m\u00e1ximo 15 por anuncio) haz clic en continuar y listo. Ahora viene el segundo paso que es tu opci\u00f3n de resaltar tu anuncio y elegir la opci\u00f3n de pago.[\/vc_column_text][\/vc_column][\/vc_row][vc_row][vc_column][vc_custom_heading text=\u00bbAnuncio Publicado\u00bb font_container=\u00bbtag:h2|text_align:center\u00bb google_fonts=\u00bbfont_family:Arimo%3Aregular%2Citalic%2C700%2C700italic|font_style:700%20bold%20regular%3A700%3Anormal\u00bb][\/vc_column][\/vc_row][vc_row][vc_column][vc_column_text]<\/p>\n<p style=\"text-align: center;\">\u00bfYa viste nuestros anuncios con colores? Llaman mucho la atenci\u00f3n \u00bfcierto?<\/p>\n<p style=\"text-align: center;\">A continuaci\u00f3n, te mostramos nuestra sugerencia de herramientas para resaltar o destacar tu anuncio:<\/p>\n<p>[\/vc_column_text][\/vc_column][\/vc_row][vc_row][vc_column width=\u00bb5\/6&#8243;][vc_custom_heading text=\u00bbColor de fondo y bordes\u00bb google_fonts=\u00bbfont_family:Arimo%3Aregular%2Citalic%2C700%2C700italic|font_style:700%20bold%20regular%3A700%3Anormal\u00bb][vc_column_text]<\/p>\n<ul>\n<li>Escoge el color y dale \u201cvida\u201d a las letras de tu anuncio.<\/li>\n<li>Cambia el color de fondo a la \u201cpared\u201d del anuncio.<\/li>\n<li>\u201cEnmarca\u201d tu anuncio con el color de tu preferencia.<\/li>\n<\/ul>\n<p>Los colores de fondos expiran el d\u00eda de expiaci\u00f3n del anuncio y el precio es de Bs. 15[\/vc_column_text][\/vc_column][vc_column width=\u00bb1\/6&#8243;][vc_single_image image=\u00bb1007&#8243; img_size=\u00bb500&#215;500&#8243; alignment=\u00bbcenter\u00bb][vc_single_image image=\u00bb1008&#8243; img_size=\u00bb500&#215;500&#8243; alignment=\u00bbcenter\u00bb][\/vc_column][\/vc_row][vc_row][vc_column width=\u00bb1\/4&#8243;][vc_single_image image=\u00bb1010&#8243; img_size=\u00bb212X245&#8243;][\/vc_column][vc_column width=\u00bb3\/4&#8243;][vc_custom_heading text=\u00bbEtiquetas para tu anuncio\u00bb google_fonts=\u00bbfont_family:Arimo%3Aregular%2Citalic%2C700%2C700italic|font_style:700%20bold%20regular%3A700%3Anormal\u00bb][vc_column_text]Muestra el grado de negociaci\u00f3n de tu oferta con estas etiquetas; puedes usar hasta 2 etiquetas por anuncio.<\/p>\n<p>Cada etiqueta tiene vigencia de 30 d\u00edas y el precio es de Bs. 15.- cada una.[\/vc_column_text][\/vc_column][\/vc_row][vc_row][vc_column][vc_empty_space][\/vc_column][\/vc_row][vc_row][vc_column][vc_column_text]<\/p>\n<p style=\"text-align: center;\">Estructurado el anuncio a tu criterio y gusto, ya est\u00e1s listo para pagar si escogiste algo extra caso contrario solo tu anuncio ya esta publicado<\/p>\n<p>[\/vc_column_text][\/vc_column][\/vc_row][vc_row][vc_column][vc_column_text]<\/p>\n<p style=\"text-align: center;\">El sistema te proporcionar\u00e1 las formas de pagos disponible en caso tengas algo que pagar, caso contrario tu anuncio estar\u00e1 publicado por 60 d\u00edas.<\/p>\n<p>[\/vc_column_text][\/vc_column][\/vc_row][vc_row][vc_column][vc_empty_space][\/vc_column][\/vc_row][vc_row][vc_column][vc_column_text]<\/p>\n<p style=\"text-align: center;\"><em><strong>Una vez publicado tu anuncio, \u00e9ste tendr\u00e1 una vigencia de dos (2) meses en nuestro sitio Web y App.<\/strong><\/em><\/p>\n<p style=\"text-align: center;\">An\u00edmate y haz tu anuncio ya mismo.<\/p>\n<p>[\/vc_column_text][vc_btn title=\u00bbPUBLICAR AHORA\u00bb style=\u00bbcustom\u00bb custom_background=\u00bb#ed0404&#8243; custom_text=\u00bb#ffffff\u00bb align=\u00bbcenter\u00bb i_icon_fontawesome=\u00bbfa fa-bullhorn\u00bb add_icon=\u00bbtrue\u00bb link=\u00bburl:https%3A%2F%2Fwww.tumomo.com%2F%3Fpage%3Dlogin%26ref_url%3D%252F%253Fpage%253Dad%2526action%253Dform_ad|||\u00bb][\/vc_column][\/vc_row]<\/p>\n<\/section>","protected":false},"excerpt":{"rendered":"<p>[vc_row full_width=\u00bbstretch_row\u00bb css=\u00bb.vc_custom_1533325602412{background-image: url(https:\/\/www.tumomo.com\/servicios\/wp-content\/uploads\/2018\/04\/bnn.jpg?id=1038) !important;background-position: center !important;background-repeat: no-repeat !important;background-size: cover !important;}\u00bb][vc_column css=\u00bb.vc_custom_1524234628849{margin-top: 30px !important;background-position: center !important;background-repeat: no-repeat !important;background-size: cover !important;}\u00bb][vc_row_inner][vc_column_inner][vc_custom_heading text=\u00bbCREAR ANUNCIOS EN TUMOMO ES M\u00c1S SIMPLE DE LO QUE PIENSAS\u00bb font_container=\u00bbtag:h2|font_size:42|text_align:center|color:%23ffffff|line_height:1&#8243; google_fonts=\u00bbfont_family:Arimo%3Aregular%2Citalic%2C700%2C700italic|font_style:700%20bold%20regular%3A700%3Anormal\u00bb][vc_btn title=\u00bbPublicar\u00bb color=\u00bbgreen\u00bb size=\u00bblg\u00bb align=\u00bbcenter\u00bb css=\u00bb.vc_custom_1524234244795{margin-top: 170px !important;margin-bottom: 150px !important;}\u00bb link=\u00bburl:https%3A%2F%2Fwww.tumomo.com%2F%3Fpage%3Dlogin%26ref_url%3D%252F%253Fpage%253Dad%2526action%253Dform_ad|||\u00bb][\/vc_column_inner][\/vc_row_inner][\/vc_column][\/vc_row][vc_row][vc_column][vc_custom_heading text=\u00bb\u00a1Queremos que vendas mucho m\u00e1s!\u00bb font_container=\u00bbtag:h2|text_align:center\u00bb google_fonts=\u00bbfont_family:Arimo%3Aregular%2Citalic%2C700%2C700italic|font_style:700%20bold%20regular%3A700%3Anormal\u00bb][\/vc_column][\/vc_row][vc_row][vc_column][vc_column_text]\u00bfEres vendedor eventual? \u00bfEst\u00e1s comenzando tu [&hellip;]<\/p>\n","protected":false},"author":1,"featured_media":0,"parent":0,"menu_order":0,"comment_status":"closed","ping_status":"closed","template":"","meta":{"footnotes":""},"_links":{"self":[{"href":"https:\/\/www.tumomo.com\/servicios\/wp-json\/wp\/v2\/pages\/975"}],"collection":[{"href":"https:\/\/www.tumomo.com\/servicios\/wp-json\/wp\/v2\/pages"}],"about":[{"href":"https:\/\/www.tumomo.com\/servicios\/wp-json\/wp\/v2\/types\/page"}],"author":[{"embeddable":true,"href":"https:\/\/www.tumomo.com\/servicios\/wp-json\/wp\/v2\/users\/1"}],"replies":[{"embeddable":true,"href":"https:\/\/www.tumomo.com\/servicios\/wp-json\/wp\/v2\/comments?post=975"}],"version-history":[{"count":103,"href":"https:\/\/www.tumomo.com\/servicios\/wp-json\/wp\/v2\/pages\/975\/revisions"}],"predecessor-version":[{"id":2299,"href":"https:\/\/www.tumomo.com\/servicios\/wp-json\/wp\/v2\/pages\/975\/revisions\/2299"}],"wp:attachment":[{"href":"https:\/\/www.tumomo.com\/servicios\/wp-json\/wp\/v2\/media?parent=975"}],"curies":[{"name":"wp","href":"https:\/\/api.w.org\/{rel}","templated":true}]}}