{"id":104,"date":"2015-10-13T20:36:05","date_gmt":"2015-10-13T20:36:05","guid":{"rendered":"https:\/\/www.tumomo.com\/servicio\/?page_id=104"},"modified":"2018-01-24T16:23:20","modified_gmt":"2018-01-24T16:23:20","slug":"conoce-nuestros-servicios","status":"publish","type":"page","link":"https:\/\/www.tumomo.com\/servicios\/","title":{"rendered":"Conoce nuestros servicios"},"content":{"rendered":"<section class=\"wpb-content-wrapper\"><p>[vc_row full_width=\u00bbstretch_row_content\u00bb css=\u00bb.vc_custom_1449671734320{background-color: #dd3333 !important;}\u00bb][vc_column][vc_single_image image=\u00bb894&#8243; img_size=\u00bbfull\u00bb alignment=\u00bbcenter\u00bb style=\u00bbvc_box_rounded\u00bb css_animation=\u00bbtop-to-bottom\u00bb][\/vc_column][\/vc_row][vc_row][vc_column][vc_custom_heading text=\u00bbQueremos que vendas mucho m\u00e1s\u00bb font_container=\u00bbtag:h2|font_size:50|text_align:left|line_height:1&#8243; google_fonts=\u00bbfont_family:Roboto%3A100%2C100italic%2C300%2C300italic%2Cregular%2Citalic%2C500%2C500italic%2C700%2C700italic%2C900%2C900italic|font_style:400%20regular%3A400%3Anormal\u00bb][vc_empty_space height=\u00bb15px\u00bb][vc_column_text]<\/p>\n<p style=\"text-align: justify;\"><span style=\"font-size: 14pt;\"><em>\u00bfEres un vendedor particular? \u00bfTienes un peque\u00f1o negocio? \u00bfO quiz\u00e1s est\u00e1s reci\u00e9n comenzando tu empresa?<\/em> <\/span><\/p>\n<p style=\"text-align: justify;\"><span style=\"font-size: 14pt;\">Entonces est\u00e1s de suerte, porque en <a href=\"https:\/\/www.tumomo.com\" target=\"_blank\" rel=\"noopener noreferrer\">Tumomo.com<\/a>\u00a0queremos ayudarte a que hagas realidad tus sue\u00f1os y que puedas vender m\u00e1s gracias al poder de Internet.<\/span><\/p>\n<p style=\"text-align: justify;\"><span style=\"font-size: 14pt;\">Descubre a continuaci\u00f3n todos los productos y servicios que tenemos para\u00a0ayudarte\u00a0a ganar m\u00e1s dinero, vendiendo las 24 horas del d\u00eda y los 7 d\u00edas de la semana a toda Bolivia (<em>O por qu\u00e9 no, a todo el mundo<\/em>)<\/span><\/p>\n<p>[\/vc_column_text][vc_empty_space][\/vc_column][\/vc_row][vc_row][vc_column width=\u00bb1\/3&#8243;][vc_single_image image=\u00bb195&#8243; img_size=\u00bb200&#215;200&#8243; alignment=\u00bbcenter\u00bb css_animation=\u00bbappear\u00bb][vc_column_text css_animation=\u00bbappear\u00bb]<\/p>\n<h1 style=\"text-align: center;\"><span style=\"font-family: 'arial black', sans-serif; font-size: 36pt; color: #ff0000;\">R\u00c1PIDO<\/span><\/h1>\n<p>[\/vc_column_text][\/vc_column][vc_column width=\u00bb1\/3&#8243;][vc_single_image image=\u00bb196&#8243; img_size=\u00bb200&#215;200&#8243; alignment=\u00bbcenter\u00bb css_animation=\u00bbappear\u00bb][vc_column_text css_animation=\u00bbappear\u00bb]<\/p>\n<h1 style=\"text-align: center;\"><span style=\"font-family: 'arial black', sans-serif; font-size: 36pt; color: #ff0000;\">SENCILLO<\/span><\/h1>\n<p>[\/vc_column_text][\/vc_column][vc_column width=\u00bb1\/3&#8243;][vc_single_image image=\u00bb194&#8243; img_size=\u00bb200&#215;200&#8243; alignment=\u00bbcenter\u00bb css_animation=\u00bbappear\u00bb][vc_column_text css_animation=\u00bbappear\u00bb]<\/p>\n<h1 style=\"text-align: center;\"><span style=\"font-family: 'arial black', sans-serif; font-size: 36pt; color: #ff0000;\">C\u00d3MODO<\/span><\/h1>\n<p>[\/vc_column_text][\/vc_column][\/vc_row][vc_row full_width=\u00bbstretch_row\u00bb css=\u00bb.vc_custom_1445354078045{background-color: #fcc049 !important;}\u00bb][vc_column width=\u00bb1\/2&#8243; css=\u00bb.vc_custom_1444923303532{border-top-width: 30px !important;}\u00bb][vc_custom_heading text=\u00bb\u00bfEres un vendedor particular?\u00bb font_container=\u00bbtag:h2|text_align:center\u00bb google_fonts=\u00bbfont_family:Cabin%3Aregular%2Citalic%2C500%2C500italic%2C600%2C600italic%2C700%2C700italic|font_style:400%20regular%3A400%3Anormal\u00bb css=\u00bb.vc_custom_1473884312912{margin-top: 150px !important;}\u00bb][vc_column_text]<\/p>\n<p style=\"text-align: justify;\"><span style=\"font-family: helvetica, arial, sans-serif;\">Si eres un vendedor ocasional entonces deber\u00edas conocer los productos y servicios que tenemos para ayudarte a que tus anuncios sean m\u00e1s llamativos y as\u00ed aumentar tus posibilidades de vender. Haz clic en el bot\u00f3n que est\u00e1 a continuaci\u00f3n para conocer m\u00e1s las herramientas que puedes utilizar hoy mismo.<\/span><\/p>\n<p>[\/vc_column_text][vc_btn title=\u00bbVer servicios para vendedores\u00bb style=\u00bbflat\u00bb color=\u00bbdanger\u00bb size=\u00bblg\u00bb align=\u00bbcenter\u00bb css_animation=\u00bbappear\u00bb link=\u00bburl:https%3A%2F%2Fwww.tumomo.com%2Fservicios%2F%3Fp%3D372||target:%20_blank\u00bb][\/vc_column][vc_column width=\u00bb1\/2&#8243;][vc_single_image image=\u00bb93&#8243; img_size=\u00bb600&#215;600&#8243; alignment=\u00bbcenter\u00bb css_animation=\u00bbright-to-left\u00bb css=\u00bb.vc_custom_1444919752660{padding-top: 50px !important;padding-bottom: 50px !important;}\u00bb][\/vc_column][\/vc_row][vc_row full_width=\u00bbstretch_row\u00bb][vc_column width=\u00bb1\/2&#8243;][vc_custom_heading text=\u00bb\u00bfTienes un negocio o empresa?\u00bb font_container=\u00bbtag:h2|text_align:center\u00bb google_fonts=\u00bbfont_family:Cabin%3Aregular%2Citalic%2C500%2C500italic%2C600%2C600italic%2C700%2C700italic|font_style:400%20regular%3A400%3Anormal\u00bb css=\u00bb.vc_custom_1473884323707{margin-top: 150px !important;}\u00bb][vc_column_text]<\/p>\n<p style=\"text-align: justify;\"><span style=\"font-family: helvetica, arial, sans-serif;\">\u00bfTienes una empresa o negocio y quieres ganar m\u00e1s dinero ofreciendo tus productos y servicios?\u00a0Entonces necesitas exponerlos\u00a0a todos los usuarios de <a href=\"https:\/\/www.tumomo.com\" target=\"_blank\" rel=\"noopener noreferrer\">Tumomo.com<\/a> para aumentar tus posibilidades de vender m\u00e1s. Haz clic en el bot\u00f3n que est\u00e1 a continuaci\u00f3n para conocer c\u00f3mo podemos ayudarte.<\/span><\/p>\n<p>[\/vc_column_text][vc_btn title=\u00bbVer servicios para empresas\u00bb style=\u00bbflat\u00bb color=\u00bbdanger\u00bb size=\u00bblg\u00bb align=\u00bbcenter\u00bb css_animation=\u00bbappear\u00bb link=\u00bburl:https%3A%2F%2Fwww.tumomo.com%2Fservicios%2Fservicios-para-empresas-2%2F||target:%20_blank\u00bb][\/vc_column][vc_column width=\u00bb1\/2&#8243;][vc_single_image image=\u00bb52&#8243; img_size=\u00bb600&#215;600&#8243; alignment=\u00bbcenter\u00bb css_animation=\u00bbbottom-to-top\u00bb css=\u00bb.vc_custom_1445346519745{padding-top: 50px !important;padding-bottom: 50px !important;}\u00bb][\/vc_column][\/vc_row][vc_row][vc_column][vc_separator border_width=\u00bb2&#8243;][\/vc_column][\/vc_row][vc_row full_width=\u00bbstretch_row\u00bb css=\u00bb.vc_custom_1444922131414{background-color: #fcc049 !important;}\u00bb][vc_column width=\u00bb1\/2&#8243;][vc_empty_space][vc_single_image image=\u00bb197&#8243; img_size=\u00bb800&#215;400&#8243; alignment=\u00bbcenter\u00bb css=\u00bb.vc_custom_1445345936771{padding-top: 10px !important;}\u00bb][vc_empty_space][\/vc_column][vc_column width=\u00bb1\/2&#8243;][vc_empty_space][vc_cta h2=\u00bb\u00bfNo tienes una cuenta en Tumomo.com?\u00bb h4=\u00bbEs momento de que te crees una!!!\u00bb style=\u00bbflat\u00bb add_button=\u00bbright\u00bb btn_title=\u00bbCrear cuenta\u00bb btn_style=\u00bbflat\u00bb btn_color=\u00bbdanger\u00bb btn_css_animation=\u00bbappear\u00bb css_animation=\u00bbbottom-to-top\u00bb btn_add_icon=\u00bbtrue\u00bb btn_custom_onclick=\u00bbtrue\u00bb btn_link=\u00bburl:https%3A%2F%2Fwww.tumomo.com%2Findex.php%3Fpage%3Dreg%26hw_pay_plan%3DSUB_STAND%26SELLER%3D1||target:%20_blank|rel:nofollow\u00bb]S\u00e9 parte del portal de clasificados online m\u00e1s grande de Bolivia. Abre tu cuenta en <a href=\"https:\/\/www.tumomo.com\" target=\"_blank\" rel=\"noopener noreferrer\">Tumomo.com<\/a> y comienza a comprar y vender sin parar&#8230;.[\/vc_cta][vc_empty_space][\/vc_column][\/vc_row]<\/p>\n<\/section>","protected":false},"excerpt":{"rendered":"<p>[vc_row full_width=\u00bbstretch_row_content\u00bb css=\u00bb.vc_custom_1449671734320{background-color: #dd3333 !important;}\u00bb][vc_column][vc_single_image image=\u00bb894&#8243; img_size=\u00bbfull\u00bb alignment=\u00bbcenter\u00bb style=\u00bbvc_box_rounded\u00bb css_animation=\u00bbtop-to-bottom\u00bb][\/vc_column][\/vc_row][vc_row][vc_column][vc_custom_heading text=\u00bbQueremos que vendas mucho m\u00e1s\u00bb font_container=\u00bbtag:h2|font_size:50|text_align:left|line_height:1&#8243; google_fonts=\u00bbfont_family:Roboto%3A100%2C100italic%2C300%2C300italic%2Cregular%2Citalic%2C500%2C500italic%2C700%2C700italic%2C900%2C900italic|font_style:400%20regular%3A400%3Anormal\u00bb][vc_empty_space height=\u00bb15px\u00bb][vc_column_text] \u00bfEres un vendedor particular? \u00bfTienes un peque\u00f1o negocio? \u00bfO quiz\u00e1s est\u00e1s reci\u00e9n comenzando tu empresa? Entonces est\u00e1s de suerte, porque en Tumomo.com\u00a0queremos ayudarte a que hagas realidad tus sue\u00f1os y que puedas vender m\u00e1s gracias al poder [&hellip;]<\/p>\n","protected":false},"author":1,"featured_media":0,"parent":0,"menu_order":0,"comment_status":"closed","ping_status":"closed","template":"template-fullwidth.php","meta":{"footnotes":""},"_links":{"self":[{"href":"https:\/\/www.tumomo.com\/servicios\/wp-json\/wp\/v2\/pages\/104"}],"collection":[{"href":"https:\/\/www.tumomo.com\/servicios\/wp-json\/wp\/v2\/pages"}],"about":[{"href":"https:\/\/www.tumomo.com\/servicios\/wp-json\/wp\/v2\/types\/page"}],"author":[{"embeddable":true,"href":"https:\/\/www.tumomo.com\/servicios\/wp-json\/wp\/v2\/users\/1"}],"replies":[{"embeddable":true,"href":"https:\/\/www.tumomo.com\/servicios\/wp-json\/wp\/v2\/comments?post=104"}],"version-history":[{"count":30,"href":"https:\/\/www.tumomo.com\/servicios\/wp-json\/wp\/v2\/pages\/104\/revisions"}],"predecessor-version":[{"id":895,"href":"https:\/\/www.tumomo.com\/servicios\/wp-json\/wp\/v2\/pages\/104\/revisions\/895"}],"wp:attachment":[{"href":"https:\/\/www.tumomo.com\/servicios\/wp-json\/wp\/v2\/media?parent=104"}],"curies":[{"name":"wp","href":"https:\/\/api.w.org\/{rel}","templated":true}]}}